ate the remainder when 30 is divided by j(-16).
0
What is the remainder when 317 is divided by -8*(-8)/((-192)/(-66))?
9
Let v(d) = d**2 - 4*d + 4. Let i be v(2). What is the remainder when 2 + i + 2 + 53*1 is divided by 16?
9
Suppose 1841 = 4*w - 247. Let u = -312 + w. Calculate the remainder when u is divided by 53.
51
Let v(h) = 2*h**2 - 12*h. Let y be v(6). Suppose -k = -3*a + 28, y = a - 3*k + 4. Let d(x) = -2*x. What is the remainder when a is divided by d(-3)?
5
Suppose 54*l = 2732 + 2884. Calculate the remainder when 322 is divided by l.
10
Let r be -2 + -33 + -2 + 4. Let v = 41 + r. Calculate the remainder when 37 is divided by v.
5
Let t(p) = -p**2 - 6*p + 2. Let u be t(-5). Suppose 3 = -u*l + 3*l - 3*y, -4 = 4*y. Suppose l = -2*g + 25 + 19. Calculate the remainder when g is divided by 6.
4
Let c = 1 + 4. Let r = 165 - 164. Calculate the remainder when c is divided by r.
0
Suppose -2*j + 96 = 4*m - j, -5*m + 111 = -j. Calculate the remainder when (3 + -2)*-45*-3 is divided by m.
20
Suppose 5*a = 0, 3*r + 3*a - 91 = 233. What is the remainder when r is divided by 37?
34
Let s(f) = -2*f**3 + 35*f**2 + 28*f - 32. What is the remainder when s(18) is divided by 17?
12
Suppose -12 = v - 3*l, 0 = 4*v - 2*l + 7*l - 37. Suppose -12 = -6*y + v*y. Calculate the remainder when 9 is divided by y.
1
Let w be ((-51)/6 + -2)*6/(-9). Suppose 0 = 3*o - 0*o + 39. What is the remainder when (o + w)/(4/(-42)) is divided by 16?
15
Let n = -27748 + 27852. Let g(f) = -f**3 - 7*f**2 - 7*f + 8. Let w be g(-6). Calculate the remainder when n is divided by (-2)/7 - (-382)/w.
23
Let z(r) = -r**3 - 3*r**2 - 3*r - 2. Let l be z(-2). Let h = 6 + l. Calculate the remainder when 6 is divided by h.
0
Suppose -2*z = -6*z + 188. Suppose 0 = 5*s - 9 - 11. What is the remainder when z is divided by s?
3
Suppose -349 = -14*d + 477. What is the remainder when 113 is divided by d?
54
Suppose -5*q - 2 = -12. Let k = 4 - q. Let j(z) = -3*z**3 - 3*z**2 + 2*z + 4. Calculate the remainder when j(-1) is divided by k.
0
Let o = 162 + -25. What is the remainder when o is divided by 4/((-60)/(-75)) - -30?
32
Suppose -255 = -15*v - 30. Let r(p) = p**2 + p - 1. What is the remainder when r(6) is divided by v?
11
Let x(y) = 4*y**3 + 2*y**2 + 3*y + 2. Let l be 4/5*(-15)/6. Let p be x(l). Calculate the remainder when (p/(-6))/(8/12) is divided by 4.
3
Let r = 8 - 2. Let h = -382 + 418. What is the remainder when h is divided by r?
0
Let y(s) = -s**3 + 13*s**2 + s + 3. Calculate the remainder when 31 is divided by y(13).
15
Let w be (-6)/(-4)*144/27. Suppose -16 = 4*l + w. Calculate the remainder when 73 is divided by -1*(l + 4) + 17.
16
Let g = 63 + -53. Let b(x) = 38*x**2 - x. Calculate the remainder when b(1) is divided by g.
7
Suppose -225 = -3*m + 3*a, -a = -m - 3*a + 72. Calculate the remainder when m is divided by 34.
6
Let x(m) = -m**3 + 12*m**2 - 13*m - 18. Let j be x(10). Let d = -10 + j. Calculate the remainder when 165 is divided by d.
39
Let o(j) = 6*j - 5 + 0*j**2 + 3*j**2 - 2*j**2. Let a(p) = -p**3 + 9*p**2 + 11*p - 18. Let k be a(10). What is the remainder when 30 is divided by o(k)?
8
Suppose 4*d - 35 = -4*x + 189, 2*d = 5*x - 259. Let f = x - 17. Let z = f + -25. What is the remainder when 19 is divided by z?
8
Suppose -c = -2*g - 52, 63 + 117 = 4*c - g. What is the remainder when 484 is divided by c?
0
Let n be 1/5 - (-33)/(-15). Let b(h) = -3*h. Let o(r) = 4*r + 2. Let w(z) = 3*b(z) + 2*o(z). Calculate the remainder when 10 is divided by w(n).
4
Let u(l) = 4 - 6*l - 4. Suppose -3*w - 3*q = 0, 37 = 3*w - 4*q + 2. What is the remainder when u(-3) is divided by w?
3
Let b(p) = 4*p + 1. Let o be b(1). Suppose -2*h = o - 35. Calculate the remainder when 19 is divided by h.
4
Suppose 0 = -16*g + 494 + 18. Let r = 21 - 4. Calculate the remainder when g is divided by r.
15
Let b(c) = -9*c - 11. Let t(y) = -y. Let p(d) = b(d) - 6*t(d). Let x(i) = i**3 - 8*i**2 + 8*i - 4. Calculate the remainder when p(-7) is divided by x(7).
1
Let z(p) = -31*p - 261. Calculate the remainder when z(-11) is divided by 32.
16
Suppose 2*o - 4*o - 3*o = 0. Suppose 2*h - 3*b = 9, h - 7 = -o*h - b. What is the remainder when 22 is divided by h?
4
Let m(v) = 13*v - 138. Calculate the remainder when 130 is divided by m(12).
4
Suppose -s + 4*g = -88, 2*s - 21*g + 18*g = 181. Calculate the remainder when s is divided by 25.
17
Suppose 666 = 13*t - 4*t. Let m = 42 + -23. Calculate the remainder when t is divided by m.
17
Suppose 0 = -67*v - 21*v + 704. Suppose 20 = -7*o + 2*o. What is the remainder when v is divided by (-5)/(10/o) + 1?
2
Calculate the remainder when 66 is divided by (-34 + 39)*36/10.
12
What is the remainder when 206 is divided by 1/((-10 - -9)/(-43))?
34
Suppose 3*b - 27 = 3*y, -b - 2*b = -y - 21. Suppose 2*i + 60 = b*i. What is the remainder when 10 is divided by i*((-24)/20)/(-3)?
4
Let m = 485 + -136. Calculate the remainder when m is divided by 44.
41
Let g(b) = -b**3 + 9*b**2 - 3*b - 5. Let o(z) = z**3 - 9*z**2 + 2*z + 4. Let s(t) = 4*g(t) + 5*o(t). Calculate the remainder when s(10) is divided by 42.
38
Suppose 72 = z - 29. Let x = 9 - 13. What is the remainder when z is divided by 26 + (0/x)/(-1)?
23
Let r(s) = 21*s - 8 - 40*s**2 + 39*s**2 - 3. Suppose 5 = 2*d - 9. Calculate the remainder when r(19) is divided by d.
6
Let t(d) = -d**3 - 6*d**2 - 10*d - 13. Let y be t(-6). What is the remainder when 131 is divided by y + 1/(2/(-4))?
41
Let t = 22 + 3. Suppose r - 8 = -2*c, 5*r - c - 15 = t. Let u(w) = -2*w. Calculate the remainder when r is divided by u(-1).
0
Suppose -24*v + 1878 = -18*v. What is the remainder when v is divided by 9?
7
Suppose -g = 3*x + 14, 0 = -3*x + 7 - 4. Let c = 46 + g. What is the remainder when c is divided by 17?
12
Suppose -3*y = 5*q - 121, -2*q + 27 = y - 21. Calculate the remainder when 779 is divided by q.
20
Calculate the remainder when 68 is divided by 1 - (-41)/3 - 154/231.
12
Suppose 125*y - 2126 = 1249. Suppose -4*t = -38 - 30. What is the remainder when y is divided by t?
10
Let a(u) = 3 - 28*u**3 - 11*u**2 + 29*u**3 - 12 - 3*u + 4*u. Calculate the remainder when a(11) is divided by 1.
0
Suppose -w + 5*g = 27, 95 = -4*w + w + g. Let i = 69 + w. Calculate the remainder when i is divided by 10.
7
Suppose u + u + 3*z = 1654, -4*u + z + 3322 = 0. Calculate the remainder when (-5)/30 + u/12 is divided by 18.
15
Suppose 16*d - 1159 = -935. What is the remainder when 137 is divided by d?
11
Let q(a) be the third derivative of a**6/120 + 7*a**5/60 + 7*a**4/24 + 5*a**3/6 - a**2. What is the remainder when q(-5) is divided by 11?
9
Suppose -315 = -10*j + 3*j. Suppose 0 = -12*t + j + 1347. Calculate the remainder when t is divided by 30.
26
What is the remainder when 152*(180/80)/(1*3) is divided by 23?
22
Calculate the remainder when 145 is divided by (18/18)/((-1)/(-53) + 0).
39
Let k(r) = -3*r + 86. Let t be k(22). Calculate the remainder when 147 is divided by (-520)/(-14) - t/140.
36
Suppose 0 = 46*r + 24*r - 1470. Suppose 5*m = 118 + 77. Calculate the remainder when m is divided by r.
18
Let u(h) = h**2 - 3*h - 4. Let i be u(4). Suppose i = 4*b - 463 - 77. What is the remainder when b is divided by 34?
33
Let j(d) = -d**3 + 4*d**2 + d - 1. Let h be j(4). Suppose -h*y + 3 = -30. Calculate the remainder when 43 is divided by y.
10
Let w(g) = -g**2 + 26*g + 35. Let q be w(27). Suppose 0 = -q*x + 5*x + 3*d + 126, 231 = 5*x + 2*d. Calculate the remainder when x is divided by 7.
3
Suppose 34*q = -124 + 532. What is the remainder when q is divided by 8 - -1 - 2/(-1)?
1
Suppose -5*v - i + 289 = 0, -i + 221 + 10 = 4*v. Let f = v + -32. Calculate the remainder when f is divided by 4.
2
Suppose 3*b + 2*k - 456 = 0, 0 = -b - 2*b - 4*k + 462. Suppose 2*z - 6*z + 4*n + 300 = 0, -5*n + b = 2*z. What is the remainder when z is divided by 19?
18
Let m(s) = 2*s**3 - 40*s**2 + 50*s - 39. Calculate the remainder when m(19) is divided by 39.
33
Let o = 169 - -21. Suppose -7*y = 3*y - o. What is the remainder when 35 is divided by y?
16
Let i(d) = 8*d**2 + 9*d - 107. What is the remainder when i(-9) is divided by 7?
5
Let d(o) = -o**2 - 8*o - 6. Let a be d(-7). Suppose -a = 5*y - 6. Let h = y - -23. Calculate the remainder when h is divided by 9.
6
Suppose -2 = -4*i - 1